 c be 186/26 - (-36)/(-234). Let t be i(c). Calculate the highest common factor of 17 and t.
17
Let m(g) = g**2 + 13*g + 38. Let a be m(-15). Calculate the highest common divisor of a and 612.
68
Let g = -2028 + 2070. Suppose -2*h - 19 = 2*r - 433, -5*r + 825 = 4*h. Calculate the highest common factor of g and h.
42
Let j = 8 - 5. Suppose j*k + 3*a = 21, 2*a + 0*a = 5*k - 28. Suppose 30*s = 34*s - 24. Calculate the greatest common divisor of k and s.
6
Suppose 3*r = -5*c + 41, -3*c + 12 = 4*r - 17. Suppose -1185 = -21*b + 138. What is the greatest common divisor of c and b?
7
Let p(n) = n**3 + 13*n**2 + 31*n + 5. Let s be p(-9). Calculate the greatest common divisor of 150 and s.
50
Let l be (-190)/(-16) - 1*(-2)/16. Calculate the highest common factor of 18 and l.
6
Let x = 68 + -66. Let v be -3*x + 4 + 11. What is the greatest common factor of 1 and v?
1
Suppose 6*d - 22 = 2. Suppose 3*t + d*h - 3 = -0*t, -4*t + 3 = 5*h. Let s = 4 - t. What is the highest common factor of s and 35?
7
Suppose 5*m + 2*x + x = 85, -76 = -4*m - 4*x. What is the greatest common factor of 1022 and m?
14
Let w be 7 - 15/12*-4. Calculate the greatest common factor of 18 and w.
6
Suppose -6*s + 6 = -2*s - r, -5*s + 2 = -4*r. Suppose -g - 2*l = -7 - 11, 130 = 5*g + s*l. What is the greatest common factor of g and 84?
28
Let s be (-1)/(0/3 + (-3)/18). Suppose 17 + 17 = x + 4*o, 0 = x - 4*o + s. What is the highest common factor of 56 and x?
14
Let j = 103 - 49. Let u = 2 - -16. What is the highest common divisor of u and j?
18
Let v be (-120)/25*20/(-3). Let a = v - 54. Let z be ((-65)/26)/(1/a). What is the greatest common divisor of z and 11?
11
Let g be -2 - (2 + (-1 - -30)). Let n be (g/4)/(1/(-8)). Let b(i) = 6*i**3 + 15*i**2 - 8*i - 2. Let m be b(1). What is the greatest common divisor of m and n?
11
Let r be 1*15/2*2. Let k = -152 - -272. What is the highest common divisor of k and r?
15
Let f = -8 - -9. Suppose -k = f + 3, -2*p + 92 = -2*k. Let v(h) = 3*h**2 + 4*h - 4. Let s be v(-4). What is the greatest common divisor of s and p?
14
Let r = -413 - -641. Calculate the highest common divisor of 48 and r.
12
Let s be (-186)/(-48) + (-1)/(-8). Suppose 0*i + s*i = 492. Let d be 18/12 + i/2. Calculate the highest common divisor of d and 7.
7
Let s be (-1)/((6/(-372))/1). Calculate the greatest common divisor of s and 682.
62
Let a(d) = -10*d + 144. Let x be a(13). Calculate the highest common divisor of x and 14.
14
Let c(m) = 6*m**2 + 1. Suppose -1 = -7*u + 13. Suppose 0*s - u*s + 2 = f, 5*f - s + 12 = 0. Let v be c(f). What is the greatest common divisor of 10 and v?
5
Let d be (24/(-42))/((-2)/14). Suppose -d*w = -8*w. Suppose w = 2*h + h - 5*r - 13, -h + r = -5. Calculate the greatest common factor of 24 and h.
6
Suppose 0 = -2*t + 5*v + 585, t + 903 = 4*t + v. Calculate the highest common divisor of t and 48.
12
Suppose h - 60 = 3*h. Let l be h/(-3*3/9). Suppose -6*r + 3*r + 194 = 5*j, 0 = -j - 5*r + l. What is the highest common divisor of j and 8?
8
Let v(j) = -j**2 + 27*j - 22. Let d be v(26). Let s(b) = -b**2 - 2*b**3 + b**3 + 0*b**3 + 28. Let w be s(0). Calculate the greatest common factor of w and d.
4
Let w be (2 + -3)*(-1 - -1). Suppose w*o = o - 24. Suppose -2*r = -r - o. Calculate the greatest common factor of 8 and r.
8
Let l be 5130/12 + (12/8 - 4). What is the highest common divisor of l and 340?
85
Let z be ((-183)/(-6) - -2)/(4/(-8)). Let a = z + 67. Calculate the highest common factor of 9 and a.
1
Let g = 150 - 56. Suppose -2*x + x = -5, -4*v + 2*x = -g. What is the highest common factor of 130 and v?
26
Let r(k) = k + 1290. Let u be r(65). What is the highest common divisor of u and 5?
5
Let a(s) be the third derivative of s**4/24 + 16*s**3/3 + 19*s**2. Let r be a(-10). What is the highest common divisor of 176 and r?
22
Suppose -6*i + i = -80. Suppose -2*g = -4*w + 88, 5*w - 5*g = 3*w + 28. Calculate the highest common divisor of i and w.
8
Let b = 50 + -46. Suppose -b*k + 42 = -2*l - 96, 5*l + 114 = 3*k. Calculate the greatest common divisor of 33 and k.
33
Suppose 3*z = n + 519, -4*z + 3*n + 2*n = -681. Suppose -3*w - 36 = -z. Suppose -5*k = -14 - w. Calculate the greatest common divisor of 12 and k.
12
Let o(p) = 4*p**2 - 75*p - 31. Let n be o(23). Calculate the greatest common divisor of 135 and n.
45
Let z = 17 + -21. Let t be 8/z - (-57 + 0). What is the greatest common factor of 11 and t?
11
Let a(l) = -12*l**2 + 10*l - 1 + l**3 + 0*l**2 - 3 - 2*l**3. Let y be a(-13). What is the greatest common factor of y and 210?
35
Suppose -z = 3*z. Suppose -x - 4*p + 35 = 0, 30 = 3*x - z*x - 3*p. Calculate the highest common factor of 75 and x.
15
Let x be ((-106)/(-4))/((-14)/(-28)). Suppose 5*z + 5*v - 127 = -32, 5*v - x = -2*z. What is the highest common factor of 154 and z?
14
Let t = 237 + -93. What is the greatest common divisor of 342 and t?
18
Suppose -5*h = 6*x - 4*x + 4, -2*h - 6 = 3*x. Suppose h = 21*y - 23*y + 4. What is the highest common divisor of y and 34?
2
Suppose 0 = -2*s + 10, 1395 = 6*w - 2*w - s. Calculate the highest common divisor of w and 14.
14
Let h = -1018 + 1038. What is the greatest common factor of h and 25?
5
Let k be -2*33/6 + 3. Let b(l) = l**2 + 9*l + 12. Let r be b(k). Let g(a) = 3*a + 5. Let f be g(r). What is the highest common factor of 153 and f?
17
Suppose -2*n + 2*p = -10, -2*p = -n + 5*n + 10. Suppose -5*x + 4*m + 0*m + 312 = n, -3*x + 196 = 2*m. Calculate the greatest common divisor of 8 and x.
8
Let m = 17 - 12. Let c(b) = -b**2 - 13*b - 35. Suppose -2*o = 2*v + 8, 0*v - 3*v = -o - 24. Let t be c(o). Calculate the greatest common divisor of t and m.
1
Let c(m) = 53*m + 5 + 2*m**2 + 3 - 3*m**2 - 40*m. Let q be c(12). Let v = -423 - -603. Calculate the highest common divisor of q and v.
20
Let v(q) = q + 13. Let m be v(7). Let s = -15 + m. Calculate the greatest common divisor of s and 5.
5
Suppose 9*v = 234 + 1035. What is the highest common factor of 12 and v?
3
Let o = -37 - -89. Let y be (-3)/(18/(-4))*3/(-2). Let n be ((-13)/2)/((-2)/((-4)/y)). Calculate the greatest common factor of n and o.
13
Suppose -30 = -5*s + 190. Let f be 9/6*-1*16/(-3). What is the greatest common divisor of s and f?
4
Let j = 328 - 315. Calculate the highest common divisor of 832 and j.
13
Let o be ((-12)/5)/(8/(-30)). Suppose 5*l - 3*w - 2*w - 35 = 0, 0 = 2*l - 3*w - 18. Let n = l + 42. What is the greatest common factor of n and o?
9
Suppose 55 = -3*f - 2*f. Let q = 14 + f. Let z = 0 + q. Calculate the highest common divisor of z and 24.
3
Let p(b) = 3*b**2 - 1. Let y be -1*(1 + -3 + 1). Let w be p(y). Suppose -n - h = -6*h - 3, 21 = w*n + 5*h. What is the highest common divisor of 64 and n?
8
Suppose -9*r - 103 = -733. What is the greatest common divisor of 315 and r?
35
Let d(x) = -x**3 - x**2 - 4*x + 424. Let p = 25 - 25. Let y be d(p). Calculate the highest common divisor of 53 and y.
53
Let z(j) = 3*j + 46. Let l be z(9). Let k be l - (-16)/(12/3). What is the highest common factor of 11 and k?
11
Suppose -15 = -8*d + 5*d. Suppose -5*n = d*u - 85, -5 = -3*n - 4*u + 44. What is the greatest common factor of 133 and n?
19
Let q(w) = 12*w**2 + 10*w + 3. Let x be q(4). What is the greatest common divisor of 188 and x?
47
Let v = 38 - 13. Let m(i) = 3*i**2 + 56*i + 565. Let c be m(-12). What is the highest common factor of c and v?
25
Suppose d = -6 + 41. Let q = -386 - -423. Let f = q - d. What is the highest common factor of 2 and f?
2
Let l(b) = -b - 6. Let z be l(-8). Let u be z/(-4)*-14*6. Let p be (-12)/(-32)*2 - 109/(-4). What is the greatest common factor of p and u?
14
Let b be 2 + 3*(-84)/(-9). Let x = 318 - 198. Suppose -s = 5*s - x. Calculate the greatest common factor of s and b.
10
Let c be (-2)/(-6) + 8/12. Suppose -38*z + 32*z + 48 = 0. What is the highest common divisor of c and z?
1
Let i(j) = 0 + 1 - 20*j + 5. Let g be i(-3). Let c be g/8 - 2/8. What is the greatest common divisor of c and 4?
4
Let i = 91 - 88. Suppose -i*u + 7 + 5 = 0. What is the highest common divisor of u and 12?
4
Let r = 21 + -17. Suppose 62 = r*i - 150. Suppose -y + 22 = -2*a, a - 6 = 2*y - i. What is the highest common factor of 12 and y?
12
Suppose -4*i = -0*i - 20, -2*r = -4*i + 26. Let q(h) = 6*h. Let n be q(r). Let a =